.
145
Calculate the remainder when 222567 is divided by 189.
114
What is the remainder when 15731 is divided by 5224?
59
Calculate the remainder when 59025 is divided by 106.
89
What is the remainder when 2002 is divided by 58?
30
What is the remainder when 66305 is divided by 644?
617
What is the remainder when 546921 is divided by 45?
36
What is the remainder when 4217 is divided by 1570?
1077
Calculate the remainder when 18062 is divided by 102.
8
Calculate the remainder when 29507 is divided by 119.
114
What is the remainder when 23494 is divided by 23492?
2
Calculate the remainder when 1806 is divided by 360.
6
Calculate the remainder when 1162 is divided by 557.
48
Calculate the remainder when 322877 is divided by 892.
865
Calculate the remainder when 46406 is divided by 1224.
1118
Calculate the remainder when 7575 is divided by 531.
141
Calculate the remainder when 17134 is divided by 197.
192
What is the remainder when 901470 is divided by 68?
62
Calculate the remainder when 300072 is divided by 14.
10
What is the remainder when 22339 is divided by 2030?
9
Calculate the remainder when 331542 is divided by 5.
2
Calculate the remainder when 5893 is divided by 363.
85
Calculate the remainder when 12012 is divided by 498.
60
What is the remainder when 4373 is divided by 86?
73
What is the remainder when 2745 is divided by 602?
337
Calculate the remainder when 4173 is divided by 595.
8
What is the remainder when 61498 is divided by 20?
18
What is the remainder when 40599 is divided by 117?
0
Calculate the remainder when 334844 is divided by 315.
314
What is the remainder when 38617 is divided by 604?
565
Calculate the remainder when 9858 is divided by 4910.
38
Calculate the remainder when 5067580 is divided by 78.
76
Calculate the remainder when 2237 is divided by 252.
221
What is the remainder when 1029149 is divided by 1668?
1661
Calculate the remainder when 1207718 is divided by 94.
6
Calculate the remainder when 44239 is divided by 22105.
29
What is the remainder when 13526 is divided by 4079?
1289
What is the remainder when 81088 is divided by 38?
34
What is the remainder when 6654 is divided by 229?
13
Calculate the remainder when 82061 is divided by 289.
274
What is the remainder when 274849 is divided by 17177?
17
Calculate the remainder when 3119 is divided by 81.
41
What is the remainder when 451 is divided by 327?
124
What is the remainder when 98607 is divided by 32828?
123
Calculate the remainder when 820 is divided by 115.
15
What is the remainder when 725 is divided by 475?
250
Calculate the remainder when 10726 is divided by 92.
54
What is the remainder when 84834 is divided by 9426?
0
What is the remainder when 256 is divided by 47?
21
What is the remainder when 1827 is divided by 1817?
10
What is the remainder when 3088 is divided by 5?
3
What is the remainder when 48293 is divided by 331?
298
Calculate the remainder when 12945 is divided by 84.
9
Calculate the remainder when 440141 is divided by 7.
2
What is the remainder when 3371 is divided by 835?
31
What is the remainder when 1045 is divided by 881?
164
What is the remainder when 453757 is divided by 709?
706
What is the remainder when 10931 is divided by 24?
11
Calculate the remainder when 4179 is divided by 523.
518
What is the remainder when 1619498 is divided by 1975?
1973
What is the remainder when 4692 is divided by 212?
28
What is the remainder when 234141 is divided by 31?
29
Calculate the remainder when 96457 is divided by 18.
13
Calculate the remainder when 1235 is divided by 255.
215
What is the remainder when 13205 is divided by 36?
29
Calculate the remainder when 11442 is divided by 878.
28
Calculate the remainder when 18643 is divided by 4650.
43
Calculate the remainder when 4232 is divided by 504.
200
What is the remainder when 3113 is divided by 740?
153
Calculate the remainder when 11114 is divided by 54.
44
Calculate the remainder when 78604 is divided by 1062.
16
What is the remainder when 247 is divided by 218?
29
What is the remainder when 4557 is divided by 2187?
183
Calculate the remainder when 3551 is divided by 111.
110
Calculate the remainder when 10127 is divided by 503.
67
What is the remainder when 17127 is divided by 1131?
162
Calculate the remainder when 3574 is divided by 218.
86
What is the remainder when 2127 is divided by 207?
57
Calculate the remainder when 6348 is divided by 904.
20
What is the remainder when 1672770 is divided by 24?
18
What is the remainder when 85760 is divided by 759?
752
Calculate the remainder when 3709 is divided by 185.
9
What is the remainder when 2155 is divided by 220?
175
Calculate the remainder when 51375 is divided by 17109.
48
What is the remainder when 10360 is divided by 76?
24
Calculate the remainder when 122784 is divided by 44.
24
What is the remainder when 40566 is divided by 40155?
411
Calculate the remainder when 33058 is divided by 344.
34
Calculate the remainder when 17481 is divided by 85.
56
What is the remainder when 2172 is divided by 436?
428
What is the remainder when 56348 is divided by 939?
8
Calculate the remainder when 195415 is divided by 48834.
79
What is the remainder when 26849 is divided by 2983?
2
What is the remainder when 2721860 is divided by 18?
8
Calculate the remainder when 25109 is divided by 8368.
5
Calculate the remainder when 40333 is divided by 162.
157
Calculate the remainder when 1288637 is divided by 16.
13
Calculate the remainder when 76414 is divided by 85.
84
What is the remainder when 494425 is divided by 374?
371
What is the remainder when 8930 is divided by 4449?
32
What is the remainder when 21917 is divided by 10955?
7
Calculate the remainder when 145225 is divided by 186.
145
Calculate the remainder when 61135 is divided by 154.
151
Calculate the remainder when 53052 is divided by 36.
24
What is the remainder when 6650 is divided by 1336?
1306
Calculate the remainder when 49226 is divided by 68.
62
Calculate the remainder when 9311 is divided by 331.
43
What is the remainder when 2684 is divided by 1212?
260
What is the remainder when 4990 is divided by 380?
50
Calculate the remainder when 996281 is divided by 5.
1
Calculate the remainder when 395234 is divided by 266.
224
Calculate the remainder when 3812 is divided by 1270.
2
What is the remainder when 38303 is divided by 152?
151
What is the remainder when 2257 is divided by 115?
72
What is the remainder when 745 is divided by 123?
7
What is the remainder when 35163 is divided by 4395?
3
What is the remainder when 83245 is divided by 11?
8
What is the remainder when 3477 is divided by 1695?
87
Calculate the remainder when 20238 is divided by 633.
615
Calculate the remainder when 385 is divided by 183.
19
Calculate the remainder when 20316 is divided by 10157.
2
Calculate the remainder when 9635 is divided by 4809.
17
What is the remainder when 908 is divided by 193?
136
Calculate the remainder when 6346689 is divided by 372.
369
What is the remainder when 55999 is divided by 9333?
1
What is the remainder when 5198 is divided by 106?
4
What is the remainder when 21975 is divided by 46?
33
What is the remainder when 51325 is divided by 4?
1
What is the remainder when 56205 is divided by 493?
3
Calculate the remainder when 28446 is divided by 2182.
80
Calculate the remainder when 237722 is divided by 108.
14
What is the remainder when 754422 is divided by 251470?
12
Calculate the remainder when 120412 is divided by 122.
120
What is the remainder when 339561 is divided by 169780?
1
What is the remainder when 2770 is divided by 476?
390
What is the remainder when 4996 is divided by 618?
52
What is the remainder when 7611 is divided by 68?
63
What is the remainder when 3875 is divided by 55?
25
Calculate the remainder when 1299249 is divided by 1606.
1601
Calculate the remainder when 2504 is divided by 181.
151
Calculate the remainder when 61461 is divided by 3841.
5
Calculate the remainder when 352734 is divided by 88183.
2
Calculate the remainder when 3294 is divided by 143.
5
Calculate the remainder when 835 is divided by 34.
19
Calculate the remainder when 1390 is divided by 101.
77
Calculate the remainder when 1637 is divided by 348.
245
What is the remainder when 98002 is divided by 24500?
2
Ca